{"id":25,"date":"2024-03-13T16:36:43","date_gmt":"2024-03-13T15:36:43","guid":{"rendered":"https:\/\/www.soinsomega.com\/?page_id=25"},"modified":"2024-03-15T07:59:46","modified_gmt":"2024-03-15T06:59:46","slug":"restructuration-energetique","status":"publish","type":"page","link":"https:\/\/www.soinsomega.com\/?page_id=25","title":{"rendered":"RESTRUCTURATION \u00c9NERG\u00c9TIQUE"},"content":{"rendered":"<div  class='flex_column av-1fb35-fb28d501430ed9f99ee16e11a741e7b2 av_one_fourth  avia-builder-el-0  el_before_av_one_half  avia-builder-el-first  first flex_column_div  '     ><\/div>\n<div  class='flex_column av-v3jh-e484b3ee86b533f8775e51367978fd6b av_one_half  avia-builder-el-1  el_after_av_one_fourth  avia-builder-el-last  flex_column_div  '     ><p>\n<style type=\"text\/css\" data-created_by=\"avia_inline_auto\" id=\"style-css-av-ltpyrr77-69ef0bcc0bf4df9a109a913306177baf\">\n#top .av-special-heading.av-ltpyrr77-69ef0bcc0bf4df9a109a913306177baf{\npadding-bottom:10px;\n}\nbody .av-special-heading.av-ltpyrr77-69ef0bcc0bf4df9a109a913306177baf .av-special-heading-tag .heading-char{\nfont-size:25px;\n}\n.av-special-heading.av-ltpyrr77-69ef0bcc0bf4df9a109a913306177baf .av-subheading{\nfont-size:15px;\n}\n<\/style>\n<div  class='av-special-heading av-ltpyrr77-69ef0bcc0bf4df9a109a913306177baf av-special-heading-h3 blockquote modern-quote  avia-builder-el-2  el_before_av_textblock  avia-builder-el-first '><h3 class='av-special-heading-tag'  itemprop=\"headline\"  >Restructuration Energ\u00e9tique (CD)<\/h3><div class=\"special-heading-border\"><div class=\"special-heading-inner-border\"><\/div><\/div><\/div><br \/>\n<section  class='av_textblock_section av-ltpys176-e94a9a7f37d439b1af1fe55abc397255 '   itemscope=\"itemscope\" itemtype=\"https:\/\/schema.org\/CreativeWork\" ><div class='avia_textblock'  itemprop=\"text\" ><p>Parmi les outils les plus r\u00e9cents que cette p\u00e9riode nous apporte, la RESTRUCTURATION \u00c9NERG\u00c9TIQUE (CD)\u00a9, m\u00e9thode enseign\u00e9e par Monique Lapointe (Qu\u00e9bec), est d&rsquo;une grande puissance.<\/p>\n<p>Cette nouvelle fr\u00e9quence d\u2019\u00e9nergie permet de restructurer, de r\u00e9\u00e9quilibrer, de r\u00e9harmoniser et de r\u00e9g\u00e9n\u00e9rer tous les corps : physique, \u00e9motionnel, mental, spirituel.<\/p>\n<p>De nombreux traumas et m\u00e9moires sont stock\u00e9s dans les corps subtils qui entourent notre corps physique (ce dernier est en fait la couche la plus dense). Toute notre histoire se trouve ainsi encod\u00e9e dans ces diff\u00e9rentes couches. Des fissures, n\u0153uds, plis, cristallisations se manifestent souvent et affectent les corps \u00e9nerg\u00e9tiques. Ceux-ci, une fois bien centr\u00e9s et lib\u00e9r\u00e9s, g\u00e9n\u00e8rent alors une fr\u00e9quence sup\u00e9rieure dans le corps physique et enclenchent un processus de gu\u00e9rison, particulier \u00e0 chacun(1).<\/p>\n<p>Le temps de r\u00e9action varie suivant les personnes. Certains ressentent des \u00ab\u00a0dissolutions\u00a0\u00bb, soulagements ou encore des choses qui s&rsquo;en vont. Le ressenti de chacun varie grandement mais l&rsquo;effet apaisant de cette \u00e9nergie ne manquera pas de vous surprendre.<\/p>\n<p>Sur rendez-vous.<br \/>\nLieu: Bruxelles, 1190.<br \/>\nUne s\u00e9ance de soin dure 1 heure.<br \/>\nTarif: 80 euros.<br \/>\nTel: 0485 83 05 34.<\/p>\n<p>Ces soins ne se substituent \u00e0 aucun traitement m\u00e9dical.<\/p>\n<p>(1) cf. <a href=\"http:\/\/www.moniquelapointe.com\" target=\"_blank\" rel=\"noopener\">Monique Lapointe<\/a>.<\/p>\n<\/div><\/section><\/p><\/div>\n","protected":false},"excerpt":{"rendered":"","protected":false},"author":1,"featured_media":0,"parent":0,"menu_order":0,"comment_status":"closed","ping_status":"closed","template":"","meta":{"footnotes":""},"class_list":["post-25","page","type-page","status-publish","hentry"],"_links":{"self":[{"href":"https:\/\/www.soinsomega.com\/index.php?rest_route=\/wp\/v2\/pages\/25","targetHints":{"allow":["GET"]}}],"collection":[{"href":"https:\/\/www.soinsomega.com\/index.php?rest_route=\/wp\/v2\/pages"}],"about":[{"href":"https:\/\/www.soinsomega.com\/index.php?rest_route=\/wp\/v2\/types\/page"}],"author":[{"embeddable":true,"href":"https:\/\/www.soinsomega.com\/index.php?rest_route=\/wp\/v2\/users\/1"}],"replies":[{"embeddable":true,"href":"https:\/\/www.soinsomega.com\/index.php?rest_route=%2Fwp%2Fv2%2Fcomments&post=25"}],"version-history":[{"count":3,"href":"https:\/\/www.soinsomega.com\/index.php?rest_route=\/wp\/v2\/pages\/25\/revisions"}],"predecessor-version":[{"id":73,"href":"https:\/\/www.soinsomega.com\/index.php?rest_route=\/wp\/v2\/pages\/25\/revisions\/73"}],"wp:attachment":[{"href":"https:\/\/www.soinsomega.com\/index.php?rest_route=%2Fwp%2Fv2%2Fmedia&parent=25"}],"curies":[{"name":"wp","href":"https:\/\/api.w.org\/{rel}","templated":true}]}}