{"id":29,"date":"2024-03-13T16:41:11","date_gmt":"2024-03-13T15:41:11","guid":{"rendered":"https:\/\/www.soinsomega.com\/?page_id=29"},"modified":"2024-03-15T07:59:54","modified_gmt":"2024-03-15T06:59:54","slug":"soins-energetiques-global","status":"publish","type":"page","link":"https:\/\/www.soinsomega.com\/?page_id=29","title":{"rendered":"SOIN GLOBAL"},"content":{"rendered":"<div  class='flex_column av-1jipl-93f99ccdf2d83d4c6dc776fe7062b5dd av_one_fourth  avia-builder-el-0  el_before_av_three_fifth  avia-builder-el-first  first flex_column_div  '     ><\/div>\n<div  class='flex_column av-uutp-b7db5000081d2c06976c876570990a64 av_three_fifth  avia-builder-el-1  el_after_av_one_fourth  avia-builder-el-last  flex_column_div  '     ><p>\n<style type=\"text\/css\" data-created_by=\"avia_inline_auto\" id=\"style-css-av-ltpyx85u-5083f5091699e3f882f204a01e0cf373\">\n#top .av-special-heading.av-ltpyx85u-5083f5091699e3f882f204a01e0cf373{\npadding-bottom:10px;\n}\nbody .av-special-heading.av-ltpyx85u-5083f5091699e3f882f204a01e0cf373 .av-special-heading-tag .heading-char{\nfont-size:25px;\n}\n.av-special-heading.av-ltpyx85u-5083f5091699e3f882f204a01e0cf373 .av-subheading{\nfont-size:15px;\n}\n<\/style>\n<div  class='av-special-heading av-ltpyx85u-5083f5091699e3f882f204a01e0cf373 av-special-heading-h3 blockquote modern-quote  avia-builder-el-2  el_before_av_textblock  avia-builder-el-first '><h3 class='av-special-heading-tag'  itemprop=\"headline\"  >Soin Global<\/h3><div class=\"special-heading-border\"><div class=\"special-heading-inner-border\"><\/div><\/div><\/div><br \/>\n<section  class='av_textblock_section av-ltpyxkq4-f4f41b4340f2f24f2c4c63398964a6f4 '   itemscope=\"itemscope\" itemtype=\"https:\/\/schema.org\/CreativeWork\" ><div class='avia_textblock'  itemprop=\"text\" ><h1><\/h1>\n<p>Si vous souhaitez b\u00e9n\u00e9ficier des bienfaits d&rsquo;une s\u00e9ance de soins \u00e9nerg\u00e9tiques, cette formule est pour vous.<\/p>\n<p>Il s&rsquo;agit ici d&rsquo;un soin qui agit sur la globalit\u00e9 de la personne (le physique, l&rsquo;\u00e9motionnel, le mental et le spirituel).<\/p>\n<p>Ses effets potentiels sont les suivants:<\/p>\n<p>&#8211; r\u00e9duit le stress,<br \/>\n&#8211; influence positivement la r\u00e9gulation des organes et des glandes,<br \/>\n&#8211; att\u00e9nue les blocages et les \u00e9motions refoul\u00e9es,<br \/>\n&#8211; favorise l&rsquo;auto-gu\u00e9rison naturelle,<br \/>\n&#8211; soulage les douleurs locales,<br \/>\n&#8211; accro\u00eet et harmonise l&rsquo;\u00e9nergie corporelle,<br \/>\n&#8211; renforce le syst\u00e8me immunitaire,<br \/>\n&#8211; induit une profonde relaxation,<br \/>\n&#8211; induit une reconnection avec son corps et ses \u00e9motions,<br \/>\n&#8211; favorise la r\u00e9unification des diff\u00e9rentes parties de soi,<br \/>\n&#8211; am\u00e9liore la circulation sanguine et lymphatique,<br \/>\n&#8211; assouplit et d\u00e9gorge les muscles,<br \/>\n&#8211; induit une sensation de bien-\u00eatre et de paix int\u00e9rieure, de s\u00e9r\u00e9nit\u00e9.<\/p>\n<p>Lieu: Bruxelles, 1190.<\/p>\n<p>Dur\u00e9e: 60mn.<br \/>\nTarif: 80 euros.<br \/>\nTel: 0485 83 05 34.<\/p>\n<p>Ces soins ne se substituent \u00e0 aucun traitement m\u00e9dical.<\/p>\n<\/div><\/section><\/p><\/div>\n","protected":false},"excerpt":{"rendered":"","protected":false},"author":1,"featured_media":0,"parent":0,"menu_order":0,"comment_status":"closed","ping_status":"closed","template":"","meta":{"footnotes":""},"class_list":["post-29","page","type-page","status-publish","hentry"],"_links":{"self":[{"href":"https:\/\/www.soinsomega.com\/index.php?rest_route=\/wp\/v2\/pages\/29","targetHints":{"allow":["GET"]}}],"collection":[{"href":"https:\/\/www.soinsomega.com\/index.php?rest_route=\/wp\/v2\/pages"}],"about":[{"href":"https:\/\/www.soinsomega.com\/index.php?rest_route=\/wp\/v2\/types\/page"}],"author":[{"embeddable":true,"href":"https:\/\/www.soinsomega.com\/index.php?rest_route=\/wp\/v2\/users\/1"}],"replies":[{"embeddable":true,"href":"https:\/\/www.soinsomega.com\/index.php?rest_route=%2Fwp%2Fv2%2Fcomments&post=29"}],"version-history":[{"count":4,"href":"https:\/\/www.soinsomega.com\/index.php?rest_route=\/wp\/v2\/pages\/29\/revisions"}],"predecessor-version":[{"id":74,"href":"https:\/\/www.soinsomega.com\/index.php?rest_route=\/wp\/v2\/pages\/29\/revisions\/74"}],"wp:attachment":[{"href":"https:\/\/www.soinsomega.com\/index.php?rest_route=%2Fwp%2Fv2%2Fmedia&parent=29"}],"curies":[{"name":"wp","href":"https:\/\/api.w.org\/{rel}","templated":true}]}}